45076405 a composite number?
True
Is 27419017243 a prime number?
False
Is 3344967121 a prime number?
False
Is 24730053547 a prime number?
False
Is 1239544331 composite?
True
Is 100877590783 a prime number?
False
Is 16692405391 a composite number?
True
Is 4722164771 composite?
False
Is 163225887607 a prime number?
False
Is 1358740511 composite?
False
Is 1811858431 prime?
True
Is 13497320219 a prime number?
True
Is 1102704947 composite?
True
Is 1822326223 prime?
True
Is 201841429 a prime number?
True
Is 17752355737 composite?
False
Is 197510500963 a composite number?
False
Is 332099239 a composite number?
True
Is 782159951 composite?
True
Is 11472325229 prime?
False
Is 12159488681 prime?
False
Is 10073940299 a composite number?
True
Is 26787569761 a prime number?
False
Is 9461287411 composite?
False
Is 1279467757 composite?
False
Is 99330336557 prime?
True
Is 12642079519 composite?
False
Is 2423368897 prime?
False
Is 7579861 composite?
False
Is 11306046419 a composite number?
False
Is 3910119259 a prime number?
False
Is 3926293411 prime?
True
Is 38985510727 prime?
False
Is 661260623 a prime number?
True
Is 50905512491 a prime number?
True
Is 2095997647 prime?
False
Is 577760137 a prime number?
True
Is 576806393 prime?
False
Is 4056045901 a prime number?
False
Is 8742210179 a composite number?
False
Is 69605535157 composite?
False
Is 15194646893 a prime number?
False
Is 44313643787 prime?
False
Is 130978583143 a composite number?
True
Is 1395770419 prime?
False
Is 12415437809 composite?
False
Is 4258927073 composite?
True
Is 32520752111 a prime number?
True
Is 149065502 a prime number?
False
Is 8172313367 composite?
False
Is 1226410829 composite?
True
Is 4440709603 a composite number?
True
Is 7121030047 a composite number?
True
Is 215800063 a prime number?
True
Is 38158238039 a composite number?
True
Is 5934637507 prime?
True
Is 2253970519 a prime number?
False
Is 48670645459 prime?
True
Is 2743138157 composite?
True
Is 1069684339 a prime number?
True
Is 4339880789 a prime number?
False
Is 5811532579 a composite number?
True
Is 963975673 composite?
False
Is 15136446187 a prime number?
True
Is 664424773 composite?
False
Is 69905970397 a prime number?
True
Is 429057017 prime?
False
Is 210000481 a prime number?
True
Is 1018759783 a prime number?
True
Is 425143073 composite?
True
Is 207661162 prime?
False
Is 1054726583 a composite number?
False
Is 14199035393 a composite number?
True
Is 5187042479 a composite number?
True
Is 8486732897 prime?
False
Is 174749110693 prime?
True
Is 15924653539 a prime number?
False
Is 312149587 a prime number?
False
Is 5571995615 a composite number?
True
Is 77049730597 prime?
False
Is 18102317 a prime number?
True
Is 3299123089 prime?
True
Is 264931631 a prime number?
True
Is 7210547341 prime?
False
Is 68405049211 a prime number?
True
Is 25251162395 composite?
True
Is 174215545171 a prime number?
True
Is 21793087247 prime?
True
Is 15448191761 prime?
False
Is 65400449 composite?
False
Is 20164621 prime?
True
Is 489813691 a composite number?
False
Is 1665633331 prime?
False
Is 234462103 a prime number?
True
Is 12971949313 composite?
True
Is 19224553 composite?
True
Is 11366510653 a composite number?
True
Is 18436193495 composite?
True
Is 2406160633 prime?
False
Is 3725415051 a prime number?
False
Is 3403648247 prime?
True
Is 3572940971 a prime number?
False
Is 294829471 prime?
True
Is 914720239 composite?
False
Is 1155256079 prime?
False
Is 365017142749 a composite number?
True
Is 2588012281 a prime number?
False
Is 37515849587 a prime number?
True
Is 1114771727 a prime number?
False
Is 882007991 a composite number?
True
Is 13593360031 a composite number?
False
Is 2139406537 composite?
True
Is 9279681295 prime?
False
Is 383829151 a composite number?
False
Is 972095417 a prime number?
False
Is 63704651 composite?
False
Is 219052787 a composite number?
False
Is 347637799 prime?
True
Is 514699879 a prime number?
True
Is 2582141326 composite?
True
Is 6903940811 a prime number?
True
Is 8900625989 a prime number?
True
Is 765412737 a prime number?
False
Is 18115834063 composite?
True
Is 2953308461 a composite number?
False
Is 665934299 a prime number?
True
Is 8378382137 composite?
True
Is 159134363 composite?
False
Is 50000339 composite?
True
Is 1614933653 prime?
False
Is 1895034441 prime?
False
Is 1619985677 composite?
False
Is 5320331 prime?
False
Is 398083417 composite?
True
Is 72931640135 a prime number?
False
Is 6839013053 a composite number?
False
Is 64931329547 prime?
False
Is 2074627603 a prime number?
True
Is 4891223023 composite?
False
Is 11386030321 composite?
False
Is 1399110613 prime?
False
Is 74047123369 a prime number?
True
Is 71421816293 composite?
True
Is 9295535057 prime?
True
Is 225499447 prime?
False
Is 175464703 composite?
True
Is 4608690535 a composite number?
True
Is 7865982119 composite?
False
Is 46096737373 a composite number?
True
Is 22862100001 a prime number?
False
Is 100679727173 a composite number?
False
Is 1758695789 a composite number?
True
Is 72934024027 a composite number?
True
Is 597601549 a composite number?
False
Is 255062309 composite?
False
Is 1441482949 composite?
True
Is 344381933 a composite number?
True
Is 2122241551 a composite number?
False
Is 2625123913 composite?
False
Is 4776966571 composite?
True
Is 34771214549 composite?
True
Is 1165608943 a prime number?
False
Is 17130828907 prime?
False
Is 46564859977 a prime number?
False
Is 4785013309 a prime number?
True
Is 13167739705 a composite number?
True
Is 7824504307 prime?
False
Is 1300116017 a prime number?
True
Is 4057394569 composite?
False
Is 20560056941 a prime number?
True
Is 37683263 a composite number?
False
Is 429092731 a composite number?
True
Is 178164869 composite?
False
Is 853343497 a prime number?
False
Is 28950334967 composite?
False
Is 2969829601 a composite number?
False
Is 8674282322 composite?
True
Is 985462081 prime?
True
Is 3840048731 composite?
False
Is 29412868663 prime?
True
Is 3283437181 a composite number?
False
Is 34275367803 a composite number?
True
Is 1191701993 prime?
True
Is 179304409 a prime number?
False
Is 44592769721 prime?
True
Is 2578853903 a prime number?
True
Is 966675823 a composite number?
True
Is 380562593 composite?
True
Is 14411146879 a prime number?
True
Is 13141645049 composite?
True
Is 8717597783 a prime number?
False
Is 8732167057 prime?
False
Is 1203976841 composite?
False
Is 3066439501 a prime number?
False
Is 78700333741 prime?
True
Is 306417193 prime?
True
Is 48381808609 composite?
True
Is 3584323453 a prime number?
True
Is 967327961 a composite number?
True
Is 236899387477 a composite number?
False
Is 12732679721 a prime number?
True
Is 12324924643 composite?
False
Is 1035833897 a composite number?
True
Is 2999107987 a prime number?
True
Is 6347855417 prime?
False
Is 1013919167 a composite number?
True
Is 11883727 a prime number?
False
Is 41473171 a prime number?
False
Is 3994103947 composite?
True
Is 104584673 composite?
False
Is 4752071417 composite?
True
Is 1599304855 a prime number?
False
Is 81949849 a composite number?
True
Is 10197198283 a composite number?
True
Is 284764673 a prime number?
False
Is 2091754846 a prime number?
False
Is 16215728963 composite?
True
Is 9014269151 a prime number?
False
Is 2308466291 a composite number?
True
Is 32564562169 a composite number?
False
Is 45294235743 a prime number?
False
Is 475293869 composite?
False
Is 4082028427 prime?
True
Is 9878985958 prime?
False
Is 1551884647 a composite number?
False
Is 6851035127 prime?
True
Is 3263602553 composite?
False
Is 13571444863 a composite number?
True
Is 14085997633 composite?
True
Is 162234081323 prime?
False
Is 8522712481 a prime number?
False
Is 14237140087 composite?
False
Is 737049611 a composite number?
False
Is 7228689077 composite?
True
Is 2511142943 composite?
False
Is 5201066249 composite?
True
Is 4467535799 a prime number?
True
Is 1027443947 composite?
False
Is 12839220959 composite?
False
Is 1104403835 a composite number?
True
Is 9171018911 a prime number?
True
Is 9594711817 a prime number?
False
Is 231344836673 a composite number?
False
Is 389829163 composite?
False
Is 3710358997 composite?
True
Is 286691219 a composite number?
True
Is 134391785119 prime?
True
Is 154978043969 prime